ors of 1513278028.
2, 19, 73, 272761
What are the prime factors of 79374162?
2, 3, 7, 683, 2767
List the prime factors of 39556867.
7, 67, 12049
What are the prime factors of 723178483?
101, 283, 25301
List the prime factors of 132677216.
2, 7, 592309
List the prime factors of 1342860653.
1342860653
What are the prime factors of 39829212?
2, 3, 368789
What are the prime factors of 652090102?
2, 109, 2991239
List the prime factors of 1442869214.
2, 43, 149, 112601
What are the prime factors of 831294540?
2, 3, 5, 37, 124819
List the prime factors of 151518044.
2, 37879511
List the prime factors of 88966744.
2, 11120843
List the prime factors of 161743771.
7, 31, 127, 5869
List the prime factors of 854578251.
3, 809, 117371
List the prime factors of 2870464.
2, 44851
What are the prime factors of 41618647?
7, 31, 191791
What are the prime factors of 2130508109?
2130508109
What are the prime factors of 987389717?
20143, 49019
What are the prime factors of 148762961?
2293, 64877
List the prime factors of 1650922615.
5, 17, 1142507
List the prime factors of 228876251.
228876251
List the prime factors of 39788129.
39788129
List the prime factors of 314482452.
2, 3, 19, 47, 29347
What are the prime factors of 2024971254?
2, 3, 89, 1264027
What are the prime factors of 68779853?
397, 173249
What are the prime factors of 1061101037?
19, 55847423
What are the prime factors of 410145379?
7, 58592197
What are the prime factors of 1665417653?
1665417653
What are the prime factors of 28057600?
2, 5, 137
List the prime factors of 34720149.
3, 127, 91129
What are the prime factors of 52885947?
3, 23, 229, 3347
What are the prime factors of 1850514085?
5, 7, 1303, 40577
What are the prime factors of 2513211817?
23, 4750873
What are the prime factors of 162172060?
2, 5, 29, 279607
What are the prime factors of 47208986?
2, 11, 577, 3719
List the prime factors of 737861066.
2, 12823, 28771
List the prime factors of 1491231221.
313, 4764317
What are the prime factors of 463516802?
2, 7, 29, 1141667
List the prime factors of 4573870149.
3, 1524623383
List the prime factors of 1719595764.
2, 3, 17, 936599
List the prime factors of 5454365790.
2, 3, 5, 4583, 39671
List the prime factors of 5368536115.
5, 29, 137, 9319
List the prime factors of 1112427701.
7, 11, 307, 47059
What are the prime factors of 161438359?
31, 229, 22741
What are the prime factors of 3005066094?
2, 3, 43, 11647543
What are the prime factors of 62202603?
3, 23, 71, 12697
What are the prime factors of 23389634?
2, 2473, 4729
What are the prime factors of 71849568?
2, 3, 7, 31, 3449
What are the prime factors of 261085189?
193, 1352773
List the prime factors of 3403477904.
2, 19, 11195651
List the prime factors of 34127007.
3, 17, 181, 3697
List the prime factors of 226987543.
226987543
What are the prime factors of 1419162015?
3, 5, 109, 883, 983
What are the prime factors of 808870533?
3, 347, 777013
List the prime factors of 1601145261.
3, 127, 151, 9277
What are the prime factors of 886684777?
11, 80607707
List the prime factors of 253860383.
7, 36265769
What are the prime factors of 5042141?
13, 387857
List the prime factors of 1233178259.
1233178259
List the prime factors of 3531828841.
73, 263, 183959
What are the prime factors of 113361876?
2, 3, 283, 3709
List the prime factors of 84669158.
2, 7, 157, 5503
List the prime factors of 777387618.
2, 3, 7, 228509
What are the prime factors of 55961971?
13, 1277, 3371
List the prime factors of 1132370507.
157, 7212551
What are the prime factors of 72979227?
3, 8108803
List the prime factors of 4271723.
1831, 2333
List the prime factors of 352680149.
31, 11376779
What are the prime factors of 846173293?
7, 41, 521, 5659
What are the prime factors of 414139318?
2, 207069659
List the prime factors of 311128236.
2, 3, 2880817
What are the prime factors of 110230858?
2, 23, 2396323
What are the prime factors of 891158516?
2, 29, 61, 125941
List the prime factors of 4188468265.
5, 37, 22640369
What are the prime factors of 386156952?
2, 3, 5363291
List the prime factors of 287403591.
3, 95801197
List the prime factors of 105000286.
2, 31, 1693553
List the prime factors of 2821592879.
7, 37, 10894181
What are the prime factors of 160049125?
5, 31, 103, 401
List the prime factors of 28545554.
2, 14272777
What are the prime factors of 3975846763?
7, 17, 33410477
List the prime factors of 353001465.
3, 5, 53, 283, 523
What are the prime factors of 355573387?
13, 2237, 12227
List the prime factors of 4359524750.
2, 5, 7, 59, 42223
List the prime factors of 6245614845.
3, 5, 138791441
List the prime factors of 2332442950.
2, 5, 46648859
List the prime factors of 248224265.
5, 19, 557, 4691
List the prime factors of 53586306.
2, 3, 389, 2551
What are the prime factors of 160953776?
2, 10059611
List the prime factors of 4265599.
13, 41, 53, 151
What are the prime factors of 17769096?
2, 3, 246793
List the prime factors of 174998624.
2, 5468707
List the prime factors of 414221660.
2, 5, 17, 19, 37, 1733
List the prime factors of 130422404.
2, 7, 911, 5113
What are the prime factors of 2243639241?
3, 2857, 87257
List the prime factors of 691624464.
2, 3, 17, 383, 2213
What are the prime factors of 824865528?
2, 3, 89, 386173
List the prime factors of 97593494.
2, 37, 1318831
List the prime factors of 1574613518.
2, 17783, 44273
What are the prime factors of 86395856?
2, 41, 131701
What are the prime factors of 5131146585?
3, 5, 342076439
What are the prime factors of 106036572?
2, 3, 107, 269, 307
What are the prime factors of 258016613?
197, 1109, 1181
List the prime factors of 2512058424.
2, 3, 104669101
What are the prime factors of 2693837515?
5, 538767503
What are the prime factors of 2958401827?
31, 167, 277, 2063
List the prime factors of 36204648.
2, 3, 37, 40771
List the prime factors of 107648304.
2, 3, 359, 6247
List the prime factors of 1551885853.
7, 221697979
What are the prime factors of 39991419?
3, 13, 43, 7949
List the prime factors of 4449933.
3, 19, 53, 491
What are the prime factors of 746744290?
2, 5, 74674429
What are the prime factors of 29799129?
3, 43, 231001
What are the prime factors of 6249548?
2, 41, 53, 719
What are the prime factors of 3350231645?
5, 670046329
What are the prime factors of 930929008?
2, 31, 467, 4019
List the prime factors of 53120407.
709, 74923
What are the prime factors of 99495959?
4517, 22027
List the prime factors of 2266923748.
2, 2797, 202621
List the prime factors of 212451204.
2, 3, 7, 2529181
What are the prime factors of 1057613085?
3, 5, 827, 9473
What are the prime factors of 5970184009?
19, 61, 5151151
What are the prime factors of 32795085?
3, 5, 29, 75391
List the prime factors of 14356497.
3, 4785499
List the prime factors of 183599898.
2, 3, 17, 1799999
List the prime factors of 57750.
2, 3, 5, 7, 11
What are the prime factors of 1223595921?
3, 407865307
List the prime factors of 2563389828.
2, 3, 307, 25771
List the prime factors of 29014528.
2, 61, 929
List the prime factors of 263438906.
2, 101, 661, 1973
What are the prime factors of 1830607003?
19, 96347737
What are the prime factors of 424384491?
3, 141461497
What are the prime factors of 127397644?
2, 11, 23, 125887
What are the prime factors of 336883488?
2, 3, 29, 121007
What are the prime factors of 42854902?
2, 21427451
What are the prime factors of 31520289?
3, 79, 179, 743
What are the prime factors of 537529925?
5, 31, 389, 1783
What are the prime factors of 45754141?
29, 1577729
List the prime factors of 2483079233.
1747, 1421339
What are the prime factors of 23161888?
2, 17, 42577
What are the prime factors of 2770286?
2, 17, 59, 1381
What are the prime factors of 188839550?
2, 5, 421, 8971
What are the prime factors of 783190353?
3, 11, 23733041
What are the prime factors of 1232738821?
1232738821
List the prime factors of 1890793026.
2, 3, 105044057
What are the prime factors of 5213097381?
3, 311, 5587457
List the prime factors of 101009383.
101009383
List the prime factors of 36772756.
2, 9193189
List the prime factors of 389173516.
2, 467, 208337
What are the prime factors of 86148220?
2, 5, 131, 251
List the prime factors of 30599290.
2, 5, 311, 9839
List the prime factors of 35840152.
2, 151, 29669
List the prime 